t the prime factors of o(y).
3, 41
Suppose 63*b + 11492 = 80*b. List the prime factors of b.
2, 13
Suppose 3*o - 92 = -5*p + 233, -p + 65 = -2*o. Suppose -94 - p = -3*a. What are the prime factors of a?
53
Let i(f) = 65*f**2 + 7*f. List the prime factors of i(2).
2, 137
Suppose -23*o + 14197 = -47581. List the prime factors of o.
2, 17, 79
Suppose w - 6*w + 100 = 0. Suppose r = 5*r - w. Suppose 8*a - 90 = r*a. What are the prime factors of a?
2, 3, 5
Let j(s) = -3*s - 3. Let q be j(-2). Let r be (-6)/7*21/q. Let w(u) = -2*u + 8. List the prime factors of w(r).
2, 5
Let m(h) = 6*h**3 + 8*h**2 - 11*h - 14. Let b(x) = 7 - 8*x**2 - 14 + 10*x + 20 - 5*x**3. Let a(c) = -7*b(c) - 6*m(c). List the prime factors of a(5).
2, 3
Let r(b) = 154*b**2 - 17*b + 51. List the prime factors of r(4).
2447
Suppose -4*z = 163 + 157. Let f = 22 - 144. Let s = z - f. What are the prime factors of s?
2, 3, 7
Let r = -6 + 0. Let o be (10/r)/((-1)/(-3)). What are the prime factors of (-2 - -1)*(-24 - o)?
19
Let c = -131 - -191. Let x = -15 + c. What are the prime factors of x?
3, 5
Suppose x + 265 = 6*x. Let z = x + 129. What are the prime factors of z?
2, 7, 13
Suppose -3*t = -5*v + 2227, -v + 447 = -9*t + 8*t. List the prime factors of v.
443
Suppose 4*z + 0*b - 7050 = -2*b, 2*z - 3529 = -5*b. What are the prime factors of z?
2, 881
Let k = -28 - -28. Suppose 4*l - 2*m - 140 = k, 0 = 4*l + l - m - 181. List the prime factors of l.
37
Suppose -1 = -u, 0 = -4*c + 3*u + 2 + 15. Suppose -2*r + 3*r = c. Suppose -157 = -4*k - h, k + r*h = 3*h + 48. List the prime factors of k.
2, 19
Let x(s) = 115*s**2 - 4*s - 6. List the prime factors of x(-1).
113
Let a = 101 + 601. List the prime factors of a.
2, 3, 13
Suppose 2*h = 40 - 46. List the prime factors of 1/h + 1/(6/1808).
7, 43
Suppose 0 = 4*w + 12, -2*x = -2*w + 6*w + 14. List the prime factors of (7/(56/(-12)))/(x/76).
2, 3, 19
Let z = 224 - 345. Let d be 2132/12 + 1/3. Let x = d + z. List the prime factors of x.
3, 19
Suppose -5*r - 20 = -4*b, 3*r - 3*b + 12 = -4*b. Let a(h) = h**3 - h**2 - 2. Let k be a(r). Let u = -48 - k. What are the prime factors of u?
2, 17
Let v = 2759 - 1830. List the prime factors of v.
929
Let t be (3 + -6 + 2)*-64. Suppose -r + 5*d = t, 5*r + 190 = -0*r - d. Let q = -10 - r. What are the prime factors of q?
29
Let f be ((-15)/(-2))/(4*9/2400). Suppose 7*p = 2*p + f. What are the prime factors of p?
2, 5
Let r(f) = -3*f - 6*f - 4*f + 73 - 17. List the prime factors of r(-14).
2, 7, 17
Let s(z) be the first derivative of -2*z + 1/2*z**2 + 1/3*z**3 - 6. What are the prime factors of s(4)?
2, 3
Let g(c) = c**3 - 3*c**2 - 12*c + 10. Let k be g(5). List the prime factors of -1*26/2*(-9 + k).
3, 13
List the prime factors of 136/374 - (-22755)/11.
2069
Let r be ((-2)/3)/((-38)/171). Suppose 3*g + 5*f = -g + 66, r*g + 4*f = 50. List the prime factors of g.
2, 7
List the prime factors of 1/3 - (-11 + 212152/(-69)).
2, 1543
List the prime factors of 382 + (2/10 - 44/20).
2, 5, 19
Suppose -6*v + 1145 = -553. List the prime factors of v.
283
Suppose -t + 12 = 2*t. Suppose 2*r - k = 44, -t*k - 84 = -5*r + r. What are the prime factors of r?
23
Let f(q) = -196*q**3 + 2*q**2 - 1. Let n be f(-1). Suppose -3*g - b = 4*b - n, 2*b + 142 = 2*g. What are the prime factors of g?
3, 23
Let z(a) = -3*a**3 - a**2 + a + 1. Let h be z(-1). List the prime factors of 5976/81 - h/(-9).
2, 37
Let u = 41 - 22. Let o = u - 15. Suppose y = s - 35, 0*s - o*y = 2*s - 70. What are the prime factors of s?
5, 7
Suppose 27 = -5*i - q - 2, -8 = 2*i + 4*q. What are the prime factors of (-106)/(2 - (-1)/2*i)?
2, 53
Suppose -5*v + 3*g + 20 = 0, 2*g = -4*v - 2*g + 16. Let p(k) = -k**2 - 5*k + 2. Let h be p(-4). What are the prime factors of (-744)/(-18) + v/h?
2, 3, 7
Let h(b) = b + 31. Let m be h(-13). Let n(c) = -c**2 + 25*c + 33. List the prime factors of n(m).
3, 53
What are the prime factors of ((-1026)/(-20) - 28/35)*16?
2, 101
Let p(v) = v + 17. Let k be p(-3). Suppose -k*n - 51 = -17*n. What are the prime factors of n?
17
Suppose 4092 = 3*s + 1335. List the prime factors of s.
919
What are the prime factors of 70*((-55)/(-22))/(1/3)?
3, 5, 7
List the prime factors of 6/51 - 25054*(-1)/34.
11, 67
Suppose -a = 3*a + 3*c - 8719, 5*c - 25 = 0. List the prime factors of a.
2, 17
Let r(m) = -m**3 - 12*m**2 - 7*m - 11. Let q be r(-12). Suppose 2*x = 3*x - q. What are the prime factors of x?
73
Let b = 131 - 28. Let f be (-1)/2*(9 - b). Suppose 0 = 4*v - f + 7. List the prime factors of v.
2, 5
What are the prime factors of (-2)/((7/7)/(723/(-6)))?
241
Let j = 37 - 35. What are the prime factors of 1*109 + j/1?
3, 37
Suppose -d = d - 2. Suppose -2*r + 3 = -d. Suppose 3*a - 9 = r*a. List the prime factors of a.
3
Let q(l) = 6*l**2 + l + 1. Let d be q(-1). Suppose 135 - 411 = -d*i. List the prime factors of i.
2, 23
Let a be 12/96 + (-89)/8. Let v be 42/a + 4/(-22). What are the prime factors of v/(-10) - 226/(-10)?
23
Let g = -103 + 817. What are the prime factors of g?
2, 3, 7, 17
Let y(z) = 75*z**3 + 3*z**2 - 6*z + 7. What are the prime factors of y(2)?
607
Let h(a) = -1436*a**3 + 2*a**2 + 11*a + 9. List the prime factors of h(-1).
2, 359
Let c be -1*9*8/(-12). What are the prime factors of 46 + (-3)/c*2?
3, 5
Suppose -d + 82 - 6 = 0. Suppose -3*o + 89 = -2*s - 59, s = o - d. List the prime factors of 2/(-6) + s/(-6).
13
Let q(r) = 11*r**2 + 3*r - 2. Let l be q(1). Suppose -3*d + l = 0, -3*t + d - 161 = -52. Let s = t + 92. What are the prime factors of s?
3, 19
Suppose 0 = -9*i + 9555 + 9444. What are the prime factors of i?
2111
Let f(h) = -6*h**2 - 12*h + 15. Let l(x) = -5*x**2 - 11*x + 15. Let v(p) = 3*f(p) - 4*l(p). Let w = 6 - 14. What are the prime factors of v(w)?
7
Let o(j) = -12*j**3 + 2*j**2 + 21*j - 12. What are the prime factors of o(-7)?
5, 811
Suppose -w - 1 = -2. Let v = 4 - w. Suppose 5*n + 23 = v*m - 0*m, -5*m + 105 = 5*n. List the prime factors of m.
2
Suppose 0 = 5*v - v - 4, -6 = -k + 3*v. Let c be (-131)/3 - 3/k. What are the prime factors of (1/2)/((-1)/c)?
2, 11
Suppose -2*j + 5*d - 8 - 4 = 0, -3*j + 4*d = 11. Let f(m) = -5*m**3 - m**2. Let r be f(j). List the prime factors of (-202)/(-4) - (-2)/r.
3, 17
Suppose 378 = -5*k - 82. Let i = k - -221. What are the prime factors of i?
3, 43
Suppose -6*o - 45 = -o. Let s(u) = -u**3 - 9*u**2 - u - 5. Let m be s(o). Suppose -5*g + 25 = 0, -m*v + g = -g - 62. What are the prime factors of v?
2, 3
Suppose -5*w - 4*x - 190 = x, -2*w - 91 = -3*x. Let y = 63 + -6. Let i = y + w. What are the prime factors of i?
2
Let d(l) = -40 - 9*l - 6*l + 0*l - 10. What are the prime factors of d(-10)?
2, 5
Let y(q) = -26*q - 18. Let k be y(-5). Let p = -62 + k. List the prime factors of p.
2, 5
Let v be (-3)/((-4)/((-128)/6)). Let q = v - -6. Let p = 0 - q. What are the prime factors of p?
2, 5
Suppose -7*q + 921 + 5953 = 0. List the prime factors of q.
2, 491
Let d be (-2 - 19 - -2)/(-1). Suppose -r = -4*s - 21, 5*r = -5*s + 2*s - 10. Let w = r + d. List the prime factors of w.
2, 5
Suppose 387 - 684 = -a. List the prime factors of a.
3, 11
Let w(t) = -1636*t**3 + 8*t**2 + 3*t. List the prime factors of w(-1).
3, 547
Suppose 17*p = 12*p + 10. Suppose 4*x - 286 = -2*m + p*x, -15 = 5*x. List the prime factors of m.
2, 73
Let k(i) = 3*i**2 + 3. Let u be k(-3). Suppose -2 + 19 = -3*v - 5*o, -2*v - o = 16. Let c = u - v. What are the prime factors of c?
3, 13
Let v(k) = -6*k**3 + 28*k**2 + 124*k + 12. What are the prime factors of v(-4)?
2, 3, 29
Suppose 0 = -19*r + 14*r - 1445. Let j = r + 445. What are the prime factors of j?
2, 3, 13
Suppose -2*i - 4 = -2*m, -4*i = -5*i - 5*m + 10. Suppose i*l - 2*l + 230 = 0. List the prime factors of l.
5, 23
Let p(s) = 26*s**2. Let k be p(-1). Let x = -120 + 136. Let b = x + k. List the prime factors of b.
2, 3, 7
Suppose 2*g - 81 = -g. Suppose -i + 2*i = 4*o - g, 15 = 2*o - i. List the prime factors of o.
2, 3
What are the prime factors of (-36)/16*(-296)/6?
3, 37
Let x(b) = -7*b - 2. Let k(g) = -g**2 + 2. Let a be k(-2). Let t be x(a). Suppose 0*c = 2*c - t. List the prime factors of c.
2, 3
Let i be 2*(-3)/18*0/4. Suppose i = 5*r + 15, 6*w - r - 108 = 3*w. List the prime factors of w.
5, 7
Let h(m) = -m**2 + 29. Let u = 55 - 60. What are the prime 